 base 2, what is 10111 - 100100001000?
-100011110001
In base 16, what is 6f375 + -2?
6f373
In base 16, what is -13b568 + -3?
-13b56b
In base 5, what is 1140 + -120?
1020
In base 8, what is 13 + -22314?
-22301
In base 15, what is -a - 16969?
-16974
In base 2, what is -10001000011111111 - -1?
-10001000011111110
In base 4, what is -3313111 - 31?
-3313202
In base 14, what is 1528 + 18?
1542
In base 9, what is -4 - 147735?
-147740
In base 11, what is -115 + -194?
-2a9
In base 9, what is -55 - -1815?
1750
In base 14, what is 2a - 44d?
-423
In base 10, what is 2 - 161005?
-161003
In base 6, what is -1 - 5521253?
-5521254
In base 14, what is 5 - -23c699?
23c6a0
In base 8, what is -500747 - 5?
-500754
In base 16, what is 336a + -a6?
32c4
In base 13, what is -131739 + 1?
-131738
In base 11, what is 0 - 53785?
-53785
In base 4, what is -3 - 12021213?
-12021222
In base 11, what is 0 - -34330?
34330
In base 3, what is 1 - 2012102?
-2012101
In base 9, what is 76 + 14043?
14130
In base 5, what is -313244 + 202?
-313042
In base 6, what is 522 - 10433?
-5511
In base 4, what is 130 + 1001331?
1002121
In base 6, what is 1 - -14535024?
14535025
In base 9, what is -6 - -10363?
10356
In base 13, what is 1 - 3285c?
-3285b
In base 6, what is 224 - -233003?
233231
In base 12, what is b4 + 37?
12b
In base 9, what is -37064 + -15?
-37080
In base 9, what is -4504 + -22?
-4526
In base 2, what is -111001 + -100001101010101?
-100001110001110
In base 5, what is -434 - -13124?
12140
In base 10, what is 83714 - 6?
83708
In base 8, what is 64655 - 7?
64646
In base 6, what is -2015 - 14?
-2033
In base 11, what is 2 - -5763?
5765
In base 3, what is -122 - -212021202221?
212021202022
In base 10, what is 5 + -305084?
-305079
In base 12, what is 375 + 3ab?
764
In base 4, what is -33013013 + -10?
-33013023
In base 9, what is 1057886 - 0?
1057886
In base 9, what is -1164 - -140?
-1024
In base 15, what is -1a2452 + 1?
-1a2451
In base 16, what is a3e - -c?
a4a
In base 9, what is 14581 + 5?
14586
In base 3, what is 1 - 10011210220?
-10011210212
In base 12, what is 27833 + -1?
27832
In base 3, what is 2 - 12000100200?
-12000100121
In base 9, what is -22 + -2671?
-2703
In base 7, what is -3 - 156340?
-156343
In base 14, what is 3dc2 + -7?
3db9
In base 12, what is 7088 - -5?
7091
In base 2, what is -101100011010111 + 110101?
-101100010100010
In base 6, what is -5330 - -3144?
-2142
In base 8, what is -1720371 + 0?
-1720371
In base 5, what is 12 - -1302100?
1302112
In base 9, what is -1743 + 77?
-1655
In base 14, what is -a1d8 + -6?
-a200
In base 9, what is 75651 + 4?
75655
In base 2, what is -11010011111 - -10001111011?
-1000100100
In base 5, what is 23222223 + -1?
23222222
In base 16, what is -2f8f + -3?
-2f92
In base 5, what is 3310 + -12441?
-4131
In base 2, what is -1000000 - 1101001011001010?
-1101001100001010
In base 2, what is -110111001011 - -1110110?
-110101010101
In base 7, what is 11 - 21262?
-21251
In base 7, what is 12 - -23?
35
In base 2, what is -1000011 - 1110001010100101?
-1110001011101000
In base 11, what is -12293 - 9?
-122a1
In base 16, what is 4ca - 5f?
46b
In base 16, what is 53 + effe?
f051
In base 8, what is -10501 - 10?
-10511
In base 6, what is -320 + 2245?
1525
In base 3, what is -1101221120 - -11?
-1101221102
In base 15, what is 19 - -345?
35e
In base 14, what is 4 - 225c93?
-225c8d
In base 7, what is -23 + -2135?
-2161
In base 4, what is 13333 - 11320?
2013
In base 4, what is -220102 + -3020?
-223122
In base 14, what is -41 - 5989?
-59ca
In base 7, what is 3 - 211560?
-211554
In base 9, what is 46163 - -1?
46164
In base 10, what is -2466301 - -3?
-2466298
In base 12, what is -3 + 191280?
191279
In base 12, what is 1a7808 + -6?
1a7802
In base 13, what is -2ac0 + -1?
-2ac1
In base 3, what is -10021 - -1012202?
1002111
In base 2, what is -101 + -10000111100000100?
-10000111100001001
In base 8, what is -21211 - -27?
-21162
In base 4, what is 21122010 - 3?
21122001
In base 5, what is 1023 - 11024?
-10001
In base 11, what is -292297 + -4?
-2922a0
In base 5, what is 4301302334 - -10?
4301302344
In base 14, what is -102 + 8510?
840c
In base 3, what is 0 - -1110122111?
1110122111
In base 16, what is 0 - -5a28?
5a28
In base 13, what is 2a - 318?
-2bb
In base 8, what is 0 - -1736?
1736
In base 7, what is -1120051 - -1?
-1120050
In base 10, what is -5 + -1803089?
-1803094
In base 2, what is -100 + -10110110101111001?
-10110110101111101
In base 14, what is 0 + 8a38?
8a38
In base 6, what is -13 + 50311?
50254
In base 15, what is e + -2e59?
-2e4a
In base 5, what is 3 - 21203023?
-21203020
In base 14, what is 298577 + 5?
29857c
In base 11, what is 1 - 689070?
-68906a
In base 3, what is 2222 - 111012?
-101020
In base 14, what is 2a883 - -3?
2a886
In base 7, what is -160262 + 5?
-160254
In base 10, what is 131108 - -9?
131117
In base 11, what is 5 - -10845?
1084a
In base 9, what is 176 - 212?
-25
In base 9, what is 1 + -6676?
-6675
In base 10, what is 791745 + 1?
791746
In base 14, what is 53 + -384?
-331
In base 2, what is 1111001111111100 + 101?
1111010000000001
In base 2, what is 1011 + -110111110100101?
-110111110011010
In base 11, what is 5151 - -196?
5337
In base 15, what is -4c - -770?
723
In base 16, what is -f2 + -2aa?
-39c
In base 2, what is 1110011001111111101 - 0?
1110011001111111101
In base 6, what is 1353441 - 3?
1353434
In base 8, what is -35570 - 21?
-35611
In base 2, what is 110011100011 - -1001000?
110100101011
In base 10, what is -5087 + -1?
-5088
In base 10, what is -8 + -288876?
-288884
In base 15, what is 3 + -1b86?
-1b83
In base 7, what is -1 - -10305205?
10305204
In base 2, what is -101 + -11001111110000?
-11001111110101
In base 11, what is 28 + 1846?
1873
In base 15, what is -9167 + 16?
-9151
In base 5, what is -34142 - -41?
-34101
In base 10, what is 6 - -3845?
3851
In base 3, what is 10211 + -2120?
1021
In base 7, what is -4 - -250660?
250653
In base 2, what is -101 - 1101001000101?
-1101001001010
In base 11, what is -6101 - -2?
-60aa
In base 11, what is 7a567 + -17?
7a550
In base 5, what is 3013024 - -32?
3013111
In base 8, what is 5 + -10357?
-10352
In base 6, what is 250 + -1141?
-451
In base 16, what is d - 19e0?
-19d3
In base 14, what is 315 + -10cc?
-bb7
In base 6, what is -253 - 33332?
-34025
In base 12, what is -7972 - 0?
-7972
In base 5, what is -2032003 - 1?
-2032004
In base 12, what is -6 + 29b49?
29b43
In base 8, what is 27351 - 336?
27013
In base 3, what is -10022122120 - 221?
-10022200111
In base 9, what is 2828 + 11?
2840
In base 7, what is -34 - 101241?
-101305
In base 13, what is -1 + 51bb27?
51bb26
In base 13, what is 263a0 + -c?
26391
In base 5, what is -4200431 - -2?
-4200424
In base 3, what is -20 + -21022022?
-21022112
In base 16, what is 5 + 7a216?
7a21b
In base 7, what is -144 - -3335?
3161
In base 12, what is -30474 - -1?
-30473
In base 8, what is -130 - -3005?
2655
In base 12, what is -16b4a - -5?
-16b45
In base 10, what is -1 - 508575?
-508576
In base 16, what is 2 - 3680?
-367e
In base 15, what is -362 - -d?
-354
In base 9, what is 2411 - -24?
2435
In base 10, what is 59 + -23474?
-23415
In base 11, what is -78386 + -1?
-78387
In base 7, what is -42664 + -56?
-43053
In base 4, what is 310131 + -2103?
302022
In base 9, what is -36 + 5841?
5804
In base 12, what is 38 + -217a?
-2142
In base 9, what is 3 + -10512?
-10508
In base 7, what is -506 + 2216?
1410
In base 8, what is -1652570 + 4?
-1652564
In base 4, what is -221 + 2030112?
2023231
In base 9, what is -3 + -816?
-820
In base 10, what is -148 - -409?
261
In base 12, what is 15a30bb - 2?
15a30b9
In base 7, what is 45504 + 3?
45510
In base 3, what is 11120020010 - -11?
11120020021
In base 2, what is -11000000011010101 - 0?
-11000000011010101
In base 5, what is 20420 - 3230?
12140
In base 8, what is -2 - -7261?
7257
In base 6, what is 2 - -541542?
541544
In base 16, what is 197720 - 3?
19771d
In base 16, what is 9a1 + 109?
aaa
In base 15, what is -5 + -2d3e8?
-2d3ed
In base 2, what is 10101010110010101 + 1001?
10101010110011110
In base 12, what is -289b - 15?
-28b4
In base 15, what is -746 - 55?
-79b
In base 8, what is -4 - -26167?
26163
In base 3, what is 1000102121022 + 1?
1000102121100
In base 5, what is 22042 + 4?
22101
In base 5, what is -432322 - -1434?
-430333
In b